2 - 22. Suppose 0 = 2*q - 14 - h. What are the prime factors of q?
2, 3
Suppose -2*q = 2*q - 108. Let b(l) = 6*l - 6. Let v be b(5). Let w = q - v. List the prime factors of w.
3
Let g(o) = 2879*o**2 + 8*o - 8. List the prime factors of g(1).
2879
Suppose 2*o - o - 3 = 0. List the prime factors of 131/(o + -5 + 3).
131
Let h be 18/(-45) - (-48)/(-5). Let l(o) = -5*o - 19. List the prime factors of l(h).
31
Let h(u) be the first derivative of 6*u**3 - 9*u**2/2 - 24*u - 10. What are the prime factors of h(-3)?
3, 5, 11
Suppose 0 = -2*q - 0*q + 4. Let j be (8 - 1) + (-2)/q. Let c(b) = 4*b + 13. What are the prime factors of c(j)?
37
Let k(i) = 11*i**2 + 67*i - 21. List the prime factors of k(-9).
3, 89
What are the prime factors of 203*35/63 - (-2)/9?
113
Suppose -6*c = -5*c - 0*c. Suppose -2*m = -2*n - 72, 0*n - 3*n - 9 = c. List the prime factors of m.
3, 11
Let i = 499 - -3169. List the prime factors of i.
2, 7, 131
Suppose k = -q - 78, -5*q = -0*k + k + 382. What are the prime factors of (10 - 7)*q/(-6)?
2, 19
Let v be (-18)/(-4) - (-4)/8. Suppose -2*s - 2*y + 126 = 0, -y - 45 - 246 = -v*s. What are the prime factors of s?
59
Let a be (4/6)/(6/(-117)). Let c(h) = h**2 + 15*h + 17. Let k be c(a). Let d = k - -19. List the prime factors of d.
2, 5
Let x = 4 - -8. Let l(k) = -k**2 + 17*k + 8. Let o be l(x). Suppose -2*c - 4*q + 64 = 3*c, -3*c + 5*q = -o. List the prime factors of c.
2
Let h be ((-9)/(-6))/((-3)/(-252)). Suppose 3*l = -2*l + 5*c + 220, 0 = 3*l + 3*c - h. What are the prime factors of l?
43
Let u(l) = l**2 - 1. Let m(g) = -3*g**2 + 1 + 1 + 3*g - 2*g**2 + 2*g**2. Let f(n) = -m(n) - u(n). List the prime factors of f(-3).
2, 13
Let d be ((-464)/(-10))/(-4)*(-5)/2. Let u = d - -20. List the prime factors of u.
7
Let p(b) = 6 - 4*b**2 - b - 3*b**2 + b**2 + b**3. Let h be p(6). Suppose -3*v = 0, -4*u - v - v + 280 = h. What are the prime factors of u?
2, 5, 7
Let y(c) = -c**3 - 8*c**2 + 2*c - 10. Let l be y(-8). Let g be (-134)/l + (-14)/91. Suppose -g*q = -0*q - 175. List the prime factors of q.
5, 7
Let k = 417 - -72. What are the prime factors of k?
3, 163
Let h = 0 - -153. List the prime factors of h.
3, 17
Let q(j) be the first derivative of j**4 - 4*j**3/3 - j**2/2 + 6*j - 3. List the prime factors of q(3).
3, 5
Let i = -33 - -31. What are the prime factors of (-4 - -3)/(i/22)?
11
Suppose -9190 = -63*p + 173951. What are the prime factors of p?
3, 17, 19
Let z = 497 - 44. What are the prime factors of z?
3, 151
Suppose p - 69 = -17. Let a = 35 + p. List the prime factors of a.
3, 29
Suppose 2*a + u + 3 = 0, -2*u + 0*u - 6 = -4*a. Suppose 4*r + 16 = a, -4*r - 207 = -4*x + 517. What are the prime factors of x?
3, 59
Let v(q) = -q**3 + 28*q**2 + 9*q + 38. List the prime factors of v(28).
2, 5, 29
Suppose -l = -r + 4*r - 2177, r - 2179 = -l. List the prime factors of l.
2, 5, 109
Let x = 404 + -222. What are the prime factors of x?
2, 7, 13
Let j(o) = -3*o + 2. Let f be j(2). Let v = f - -19. Suppose -10*n - 335 = -v*n. List the prime factors of n.
67
Let y(q) = -1457*q - 3. Let o be y(-1). What are the prime factors of (-12)/(-54) - o/(-18)?
3
Suppose f = 4*j - 375, -3*j - f + 369 = j. Suppose -5*k = -4*k - j. List the prime factors of k.
3, 31
Suppose 13*l + 10 = 14*l. Suppose -u - 531 = -l*u. What are the prime factors of u?
59
What are the prime factors of -517*((-3)/(-1))/(-3)?
11, 47
Let c = 1266 - 638. What are the prime factors of c?
2, 157
Suppose 0 = w + 142 - 912. What are the prime factors of w?
2, 5, 7, 11
Let c be 4 + -3 + 1*20. Suppose 2*h - 84 = 8. Let m = h - c. List the prime factors of m.
5
Suppose 0 = 91*z - 29342 - 72578. List the prime factors of z.
2, 5, 7
Let s be (-5)/(-4)*(-8)/2. Let w(b) be the first derivative of -3*b**2 - 3*b + 8. List the prime factors of w(s).
3
Let h(f) = 8*f**2 - 3*f - 4. Let j(z) = -16*z**2 + 6*z + 8. Let d(p) = -5*h(p) - 3*j(p). List the prime factors of d(3).
59
Suppose 2*j - 7 = -1, 5*y - 4*j = -12. Let v = 44 - y. List the prime factors of v.
2, 11
Let h(k) = 2*k**2 + 35*k - 11. List the prime factors of h(14).
13, 67
List the prime factors of ((-4)/5)/(((-36)/(-1855))/(-18)).
2, 7, 53
Suppose -3*m + 6*m = 6. Suppose -m*a = -0*a - y - 6, y = a - 4. Suppose 5*s + 92 = 2*x, -a*x = x - s - 112. List the prime factors of x.
2, 3
Suppose 0 = -4*s - 1 + 17. Suppose 0*i - 16 = -w - 2*i, 4*w + s*i = 44. Suppose -w*c + 26 = -4*c. What are the prime factors of c?
13
Let v(p) = -p**2 + 6*p. Let b be v(6). Let w be (b + -3)*10/(-6). Suppose -6 = 3*r, 0 = w*u + 3*r - 43 - 16. What are the prime factors of u?
13
Suppose 5*s + 56 = 21. Suppose -3*a + 2*l - 22 = 7*l, -16 = 2*a + 2*l. Let o = s - a. What are the prime factors of o?
2
Let v = -13 + 17. Let f be 23/v + (-1)/(-4). Suppose f*h - 285 = 15. What are the prime factors of h?
2, 5
Let t(m) = 12*m**2 - m - 35. What are the prime factors of t(6)?
17, 23
Suppose 2*v + 4*o - o = -3, 9 = 3*o. Let t(w) = 10*w**2 + 10*w + 11. What are the prime factors of t(v)?
311
Let n(w) = 8*w**2 + 3*w + 57. What are the prime factors of n(-11)?
2, 31
Suppose 2*q + 11 = q. Suppose 4*h + 27 = 5*r + 131, -3*h + 84 = -4*r. Let w = q - r. List the prime factors of w.
13
Let q = 34 + -32. Suppose 2*m + q*m = 232. List the prime factors of m + 10/((-10)/2).
2, 7
List the prime factors of (-1 + -175)/(41/(-164)).
2, 11
Suppose 5*i - 12 = 2*f - 5, -5*i = 5. What are the prime factors of -8*((-21)/f*-8)/1?
2, 7
Let s be 2/(2 - -3 - 3). Let m(v) = 130*v**2 - 2*v + 1. Let d be m(s). Let a = d - 64. What are the prime factors of a?
5, 13
Let r = -11 + -7. Let h = -13 - r. Let t(m) = 5*m - 4. List the prime factors of t(h).
3, 7
Suppose 5*c + 70 = -65. Suppose -6*x = -4*x - 6. What are the prime factors of c/(-1) + x + 1?
31
Let k = 746 + -1766. What are the prime factors of 5 - 13/(65/k)?
11, 19
Let j(r) = -7*r - 15. Let w be j(-11). Suppose w = 5*k - 188. What are the prime factors of k?
2, 5
Suppose -4*j + 3*d - 7 = -9*j, 5*j + 25 = 5*d. What are the prime factors of 23 + ((-3)/j - 4)?
2, 11
Let b(y) = y + 15. Let n(m) = m**3 - 6*m**2 - 8*m + 7. Let q be n(7). Let p be (4/(-8))/1*q. What are the prime factors of b(p)?
3, 5
Let o(k) = 3*k + 6. Let c be o(-2). Suppose c = -2*l - 3*j + 158, 319 + 25 = 4*l - j. List the prime factors of l.
5, 17
Let o(f) = -10*f + 4. Let a be o(-2). What are the prime factors of 438/4*a/18?
2, 73
Suppose -11*u - 59 + 4745 = 0. List the prime factors of u.
2, 3, 71
Suppose -3*a - 3*s + 18 = 0, -a = 2*a - 3*s. Suppose 6*c + 838 = a*k + c, -2*k - c + 576 = 0. What are the prime factors of k?
2, 11, 13
Let f be (0 - -5)*368/10. Suppose 40 + f = 5*l - 2*h, -2*h = -6. List the prime factors of l.
2, 23
Suppose -5*y = 2*m - 5 - 18, -4*y = -m + 18. Suppose 3*n = 2*n + 70. Suppose n = 16*i - m*i. What are the prime factors of i?
5, 7
Let x be 50*(6 + -3)/6. Suppose 2*o + 5*j = 25, 7*j = -3*o + 2*j + x. Suppose 5 - 3 = -2*k - 4*a, o = 3*k + 4*a - 1. What are the prime factors of k?
3
Let x = -31 + 33. Suppose -5*n + 2*o = 43, -n - 20 = 3*n + x*o. What are the prime factors of (-362)/n - (-6)/21?
2, 13
Let r(j) = j**3 + 8*j**2 + j + 11. Let l be r(-8). Let d(o) = 3*o**3 - 2*o**2 + 2*o - 3. List the prime factors of d(l).
2, 3, 11
What are the prime factors of 1380 + -1*(-16)/4?
2, 173
Let f = 41243 - 26743. What are the prime factors of (-2)/18 - f/(-90)?
7, 23
What are the prime factors of (66/(-5))/(4/(-30))?
3, 11
Let b = 2378 - 1617. List the prime factors of b.
761
Let j = -2183 + 4636. List the prime factors of j.
11, 223
Let a = -4 + 12. Let b = -13 + a. List the prime factors of (4/(-5))/(2/b).
2
Let y be (1/6 - 136/(-48)) + 10. Suppose 4*a - y*a = -243. What are the prime factors of a?
3
Let y(m) = -m**2 + 7*m + 5. Let s = -15 - -23. Let d be y(s). List the prime factors of d/4 + (-78)/(-8).
3
Let a(v) = -29 + v - 2*v + 0*v + 26. Let t be a(-7). Suppose 58 = 2*n + n - 2*y, -t*n - 2*y + 68 = 0. List the prime factors of n.
2, 3
Let x(f) = f**3 + 8*f**2 + 11*f - 4. Let o be x(-6). Suppose 5*i - 2 = -3*d + o*d, 2*i - 44 = 2*d. What are the prime factors of (4 + (-13)/3)*d?
2, 3
Suppose -5*j - 5*d + d + 10 = 0, -j + d = -2. Suppose 3*s - 3 = 2*x + 3, j*s - 23 = -5*x. Suppose 10 = s*p - 6. List the prime factors of p.
2
Let f(b) = b**2 - 7*b 